= 0. Is r a multiple of 19?
True
Let o(i) = -i**3 - 7*i**2 + i + 8. Let x be o(-7). Is (x - 3) + -2 + 48 a multiple of 11?
True
Let w be (-6)/(-4) + 17/(-2). Let p be (-19)/w - 14/(-49). Does 4 divide -2 + (4*6 - p)?
False
Let p(n) = -n**2 + 2*n + 5. Let b be p(-6). Let l = b - -29. Is (-98)/l + 1 + 0 a multiple of 4?
True
Let a be 3 - (-1)/((-1)/4). Let b(u) = 84*u**2. Does 12 divide b(a)?
True
Let c(d) = -d**2 + 25*d + 23. Suppose -2*r + r = -18. Let o be c(r). Let z = o + -55. Is 27 a factor of z?
False
Let m = -483 + 926. Is 19 a factor of m?
False
Suppose 5*b - 2*c = 605 - 172, 2*b + 4*c - 154 = 0. Let r = -51 + b. Is 14 a factor of r?
False
Suppose 10*p - 7*p + 5*j - 1339 = 0, -4*j = -20. Does 10 divide p?
False
Is 16 a factor of 15/((-630)/(-17484)) - (-4)/(-14)?
True
Suppose -1 = -2*o - 2*o + 5*n, -2*n - 1 = -o. Is o - -71*(3 + -1 - 1) a multiple of 10?
True
Let y(t) = -4*t - 1 - 1 + 9*t - 3. Suppose 9*w - 4*w - 5*x - 100 = 0, -3*w = -2*x - 56. Does 25 divide y(w)?
True
Suppose 5909 + 43081 = 30*q. Is q a multiple of 23?
True
Let f(h) = -2*h**3 - 8*h**2 + 15*h + 16. Let p(d) = -d**2 + 3*d + 21. Let z be p(7). Is f(z) a multiple of 69?
False
Let n(r) = -44*r**2 - 4*r + 6. Let i be n(5). Let j = -771 - i. Suppose -j = -5*d - 23. Is d a multiple of 13?
False
Let l(t) be the third derivative of 11*t**6/120 + t**5/60 - t**3/6 + 14*t**2. Is l(1) a multiple of 3?
False
Let j be (16/20)/(3/(12 - -3)). Suppose -36 = j*t - 5*t. Is 3 a factor of t?
True
Let k be (3/4)/((-4)/16). Let a be 12 + k + 2 + 4. Let p = 24 - a. Does 7 divide p?
False
Suppose 4*z + 0*z + 12 = 0, 2*k + 935 = -3*z. Let b = 751 + k. Suppose 3*t - b + 51 = 0. Is t a multiple of 20?
False
Let s(k) = 2*k. Let z be s(-1). Let y be -2 - -1 - (1 + z). Suppose -p + 2*c = -y*c - 36, 240 = 5*p + 5*c. Is p a multiple of 10?
False
Suppose 0 = -8*j + 12*j - 2*v - 2, -5*v - 5 = 0. Let q(g) = -g + 9. Let z be q(4). Suppose z*s - 21 - 24 = j. Does 3 divide s?
True
Let j(d) = -d**3 - 18*d**2 + 19*d - 10. Let c be j(-20). Let b = -266 + c. Is b a multiple of 12?
True
Let g = 17 + 28. Suppose -3*j = -279 + g. Is j a multiple of 26?
True
Let o = 59 - 58. Suppose 2*k + 8 = -0*k. Is 2*o*(7 + k) even?
True
Let a = 85 + -55. Suppose p = -0*p - 7. Let g = p + a. Does 14 divide g?
False
Suppose 2*f = s - 88 - 72, -2*f + 180 = s. Suppose b + 119 = m, b + 409 + s = 5*m. Is 11 a factor of m?
False
Let j(w) = w**2 - 6*w + 9. Suppose 6*c = 2*c - 28. Let h be 180/28 + 3/c. Is 3 a factor of j(h)?
True
Let i = 481 + -23. Is 18 a factor of i?
False
Let f(l) = -5*l - 3*l**2 + 2 - 2*l**2 + 12*l**3 + 2 - 10*l**3. Does 16 divide f(4)?
True
Let q(u) = -u - 6. Let a be q(-4). Let c(n) = -4*n**2 - 3*n. Let m be c(a). Does 18 divide 2/m + 542/10?
True
Suppose -2*g + 12 = 2*g. Suppose 4*v = g*b - 664, 3*b - 2*v - 422 - 246 = 0. Is b a multiple of 38?
False
Suppose 0 = 3*d - 4*d + 5. Let c(m) = -2*m - 4. Let a be c(d). Let x = a + 20. Is 6 a factor of x?
True
Let m be 1/2 - 56/16. Is (-26)/6*(m - 6) a multiple of 22?
False
Suppose 95*u - 18088 = 78*u. Is u a multiple of 28?
True
Suppose -48*a + 7*a + 48175 = 0. Is 15 a factor of a?
False
Suppose 15 = -3*z + 8*z. Suppose -5*d + 248 = -z*w - 318, 0 = 2*d + w - 222. Is d a multiple of 16?
True
Let m(r) = 6*r**3 - 4*r**2 + 4*r + 22. Is 70 a factor of m(8)?
True
Let z = 49 + -47. Does 15 divide (4/12)/(2/(892 + z))?
False
Let w(q) = 2*q - 7. Let c be w(6). Suppose 4 + 6 = c*h. Is h/8 + 135/4 a multiple of 16?
False
Suppose -5*u - 1094 = -3674. Is u a multiple of 6?
True
Suppose 3647 + 2065 = 7*f. Let g = f + -576. Is 21 a factor of g?
False
Let p(n) = n**2 + 8*n + 10. Let m be p(-7). Suppose m*t = -2*t + 15. Let x(f) = f**3 - 3*f**2 + 4*f - 3. Is x(t) a multiple of 3?
True
Let c = -15 + 87. Does 72 divide c?
True
Is 9 a factor of (8 + 1)/(554/(-112) + 5)?
False
Suppose 145 = u + 75. Does 10 divide u?
True
Suppose -33*d = -1790 + 206. Does 4 divide d?
True
Let n be (-9)/(-18)*0/(-2). Suppose -3*m - 4*l + 257 = 0, -m + n*m - 2*l = -85. Is 9 a factor of m?
False
Suppose -2*p + 3*k = 113, 2*p - p = 5*k - 67. Let l = p + 63. Does 3 divide l?
False
Suppose -4*i - 12 = 0, -7*h = -5*h + 4*i - 1966. Is h a multiple of 28?
False
Suppose -97 = 4*c - 109. Suppose -3*p + 4*m = -273, 4*p - 3*p - 91 = c*m. Is 18 a factor of p?
False
Suppose -58*a + 57*a = -184. Suppose -904 = -6*s - a. Is s a multiple of 30?
True
Suppose -4*o - 2*o + 24 = 0. Let y(v) = -v**2 - 3*v + 4. Let n be y(-4). Suppose o*h - 152 = -n*h. Is 12 a factor of h?
False
Suppose -2*z - 548 = -2*r, -3*r = -5*r + 3*z + 547. Is r a multiple of 4?
False
Let k(i) = -i + 3. Let w be k(-2). Suppose w*u - 10 = 0, 0 = -0*g + 5*g + 3*u - 16. Suppose g*x = x + 18. Is 15 a factor of x?
False
Let m(i) = -i**3 - 3*i**2 - 3*i - 5. Let q be m(-3). Suppose -q*c = -3*c - 74. Is c a multiple of 37?
True
Suppose -4*u + 4*q = 4, -q + 2*q = 4. Is 6/(-27)*3 - (-1055)/u a multiple of 13?
True
Let x(d) = 137*d**2 - 11*d + 9. Is x(1) a multiple of 5?
True
Suppose 8*h - 4495 = 3705. Does 41 divide h?
True
Let t(u) = -7*u**2 + 4*u. Let g(q) = 2*q**2 - q. Let f(d) = 9*g(d) + 2*t(d). Does 3 divide f(-2)?
True
Let x(z) = 2*z + 36. Let b = -46 + 46. Is 18 a factor of x(b)?
True
Let m(t) = 12*t + 17. Let l be m(-5). Let g = 67 + l. Is g a multiple of 12?
True
Suppose 5*r + 3*a = 1050, -20 = -2*a - 2*a. Let x = r - 135. Let c = x - 42. Is c a multiple of 5?
True
Let y(t) = 3*t - 1. Let h be y(1). Suppose -2*z + 0*z = -h. Is 17 a factor of 2 + -3 + z - -17?
True
Suppose 4*n = -4*b + 204, n - 104 = -2*b - 3*n. Does 39 divide b?
False
Is 4 a factor of (2/(12/105))/(13/26)?
False
Let n be 2/4*0 - 0. Suppose 2*s + 2*u - 182 = n, -459 = -2*s - 3*s - u. Suppose -k = k - s. Does 21 divide k?
False
Is 0 + -4 + 2 + 431 a multiple of 33?
True
Let x(q) = q**3 + q**2 - 2*q + 63. Let v be x(0). Suppose -23*d = -20*d - v. Is 7 a factor of d?
True
Let g = 74 + -72. Suppose -58 = -g*r + 2*y - 4*y, -3*r = -2*y - 72. Does 13 divide r?
True
Let f be -11*2*(-2)/4. Let y = -6 + f. Suppose y*u + 116 - 491 = 0. Does 27 divide u?
False
Suppose o = 0, -d + 902 = -2*o - 1920. Suppose -d = -21*f - 92. Does 13 divide f?
True
Let t = 29 - 97. Is 440/14 - t/119 a multiple of 8?
True
Let q(j) = j - 2. Let n be q(-22). Is (4086/(-8))/(-3) - (-6)/n a multiple of 17?
True
Let j be (11 - 3)*(-11)/22. Is 4329/15 + j/(-10) a multiple of 18?
False
Let b(j) = -2*j**3 - 2*j**2 + 4*j + 1122. Is 102 a factor of b(0)?
True
Suppose 0*d - 290 = 2*d. Let o = 208 + d. Does 9 divide o?
True
Suppose 0 = -3*b + g + 40, -4*b + 12 = -2*b + 3*g. Suppose 0 = -b*z + 3*z + 297. Is z a multiple of 33?
True
Suppose -6*y + 504 = 3*y. Let b = 91 - y. Is b a multiple of 7?
True
Let j be 4/(-5)*(-30)/12. Suppose 0 = j*v + 4*v - 144. Is v a multiple of 24?
True
Suppose -4*d + 28 = 4*j, j + 20 = -4*j. Is d a multiple of 2?
False
Suppose -11717 - 15067 = -18*l. Does 12 divide l?
True
Does 11 divide (36/63)/(-2) - (-7088)/14?
True
Suppose 0*o + 2*o - 2 = 2*w, 3*w = 5*o - 3. Suppose 0 = -o*j + 7*j - 1169. Is 10 a factor of j?
False
Suppose 2*m = -4*g + 22, 0*g + 4*g + m = 21. Suppose g*u - 451 = -i, -4*u - 2*i + 7*i = -355. Is u a multiple of 45?
True
Let y = 439 - -601. Suppose -16*c + 3*c + y = 0. Is c a multiple of 32?
False
Suppose -4*r + 1927 = -h + 2*h, -h = -4*r - 1911. Is h a multiple of 19?
True
Let l(r) = -2*r**2 + 45*r + 11. Is l(19) a multiple of 12?
True
Let w(o) = 17*o**2 - 70*o - 414. Is 2 a factor of w(-6)?
True
Suppose 0 = 1807*p - 1801*p - 1632. Does 2 divide p?
True
Suppose 5*p - 222 = -j + 105, -267 = -4*p + j. Let d = p - 32. Does 31 divide d?
False
Let l(j) = -5*j**3 - 2*j**2 - 8*j. Does 96 divide l(-6)?
True
Suppose -712 = -2*d - 5*j, j - 1424 = 96*d - 100*d. Is d a multiple of 70?
False
Is 72 a factor of 1/((-24)/(-16))*432?
True
Let b be (-5)/20 - 2/(16/(-7482)). Suppose -3*h = 2*h - b. Is h a multiple of 30?
False
Let g(s) = 3*s - 12. Let t be g(5). Suppose -t*l - 9 + 18 = 0. Suppose -97 = -l*j - 28. Does 5 divide j?
False
Is 5 a factor of (9/2 - 2)*634/5?
False
Let p be 9/(-12) - (-4281)/12. Suppose p = -4*t - 208. Is t/(-6) + 4/8 a multiple of 12?
True
Suppose -3*o + j + 52 + 190 = 0, 4*o + 3*j = 340. Is 2 a factor of o?
True
Suppose 18*z - 10 - 26 = 0. Let d(t) = -t**2 + 3*t + 5. Let c be 